1052956 and 40?
4
Calculate the greatest common factor of 261359690 and 5370.
1790
Calculate the highest common factor of 27 and 14705820.
27
Calculate the highest common factor of 376218988 and 1096.
548
What is the greatest common divisor of 1392 and 150874124?
116
What is the highest common factor of 547587678 and 1397?
1397
Calculate the highest common divisor of 595262 and 2542.
62
What is the greatest common factor of 28378902 and 2328?
582
What is the highest common divisor of 143086 and 81316?
58
What is the highest common divisor of 1432 and 4013896?
1432
Calculate the greatest common divisor of 25550 and 51225.
25
Calculate the greatest common divisor of 26235436 and 1808.
452
What is the greatest common factor of 432 and 2554992?
144
Calculate the greatest common factor of 6281970 and 206.
206
What is the greatest common factor of 100202711 and 49?
7
Calculate the greatest common divisor of 46433 and 11623.
59
What is the greatest common divisor of 94570 and 902468?
2702
What is the highest common factor of 1250480 and 46864?
464
What is the highest common divisor of 20073851 and 7777?
707
What is the highest common factor of 3308670 and 78074?
758
Calculate the highest common divisor of 14330960 and 280.
280
Calculate the greatest common divisor of 5861728 and 190.
38
Calculate the greatest common factor of 368550 and 360234.
378
Calculate the highest common factor of 5407686 and 72.
18
Calculate the greatest common factor of 374104 and 5811576.
3704
What is the highest common divisor of 527 and 158026747?
527
Calculate the highest common factor of 7578903 and 15.
3
Calculate the highest common divisor of 5136 and 1408818.
6
What is the highest common factor of 10006278 and 58?
2
Calculate the greatest common factor of 86688 and 3528000.
2016
Calculate the greatest common factor of 5459232 and 31816.
328
What is the greatest common divisor of 41013 and 1769635?
1519
What is the highest common divisor of 114816 and 176007?
39
What is the greatest common divisor of 476 and 512516?
68
What is the greatest common divisor of 754425 and 1932?
21
What is the highest common divisor of 11070977 and 37202?
1691
Calculate the greatest common divisor of 2864 and 19947728.
16
What is the highest common factor of 46 and 16477729?
23
Calculate the highest common factor of 61423152 and 7896.
168
Calculate the highest common divisor of 351 and 251208.
27
What is the greatest common factor of 91195660 and 2638?
2638
Calculate the greatest common divisor of 40190985 and 45.
45
What is the highest common divisor of 84 and 13200054?
42
Calculate the greatest common factor of 19 and 4093023358.
19
What is the greatest common divisor of 1014592 and 3648?
64
What is the greatest common divisor of 5032 and 2796649736?
5032
Calculate the greatest common factor of 1747889 and 15521.
187
Calculate the highest common factor of 1768784 and 305088.
3632
Calculate the highest common divisor of 72 and 127746351.
9
What is the greatest common factor of 7926658 and 10064?
1258
Calculate the highest common factor of 927274780 and 20.
20
Calculate the greatest common divisor of 12771128 and 3.
1
What is the greatest common factor of 227208 and 4632?
24
What is the greatest common factor of 490295 and 16055?
1235
Calculate the greatest common factor of 322 and 187418.
14
What is the highest common divisor of 888440 and 1383200?
5320
What is the highest common factor of 286 and 110374?
22
Calculate the highest common divisor of 3893 and 1324113.
17
Calculate the highest common factor of 51211607 and 4445.
127
What is the highest common factor of 14181 and 1576527?
87
Calculate the highest common divisor of 163804235 and 1162.
581
What is the greatest common factor of 1302882 and 16674?
42
What is the greatest common factor of 564910970 and 65?
65
What is the greatest common divisor of 504398459 and 1046?
523
What is the highest common divisor of 64734873 and 126?
21
What is the highest common divisor of 854 and 6380722?
122
What is the highest common factor of 1743 and 152266737?
1743
Calculate the highest common factor of 33804875 and 1846.
923
Calculate the greatest common factor of 571600 and 239200.
400
What is the highest common divisor of 5279656 and 340?
68
Calculate the highest common divisor of 285764820 and 60.
60
Calculate the greatest common factor of 130998 and 70378.
14
What is the greatest common divisor of 57440 and 727693?
359
What is the highest common divisor of 152229959 and 211?
211
What is the highest common divisor of 200 and 7826600?
200
What is the greatest common factor of 152 and 65082581?
19
What is the highest common divisor of 24378 and 5772?
6
Calculate the greatest common divisor of 221280149 and 59.
59
Calculate the highest common factor of 3785704 and 8722.
178
What is the greatest common factor of 23 and 2615354909?
23
Calculate the highest common factor of 1783374 and 6969.
69
Calculate the highest common factor of 324 and 24393690.
54
Calculate the greatest common divisor of 3318105 and 2345.
35
What is the highest common factor of 3777030 and 130?
10
What is the highest common factor of 31475 and 1104143?
1259
What is the greatest common factor of 184198197 and 258?
129
Calculate the highest common factor of 22 and 34414754.
22
Calculate the greatest common divisor of 34726 and 261698.
358
Calculate the greatest common divisor of 234 and 855126.
18
Calculate the highest common divisor of 246 and 129621.
3
What is the greatest common factor of 1075811 and 4046?
17
Calculate the greatest common divisor of 459030 and 19195.
55
What is the greatest common factor of 9947 and 508863?
29
What is the greatest common factor of 29066835 and 615?
15
Calculate the greatest common divisor of 46728 and 5062849.
649
What is the highest common divisor of 61792 and 9536?
32
What is the greatest common factor of 108 and 932424?
12
What is the greatest common divisor of 42 and 2388397683?
21
What is the greatest common factor of 56374 and 102029?
397
What is the greatest common divisor of 9 and 1932708?
3
Calculate the highest common divisor of 14272 and 3020089.
223
Calculate the highest common divisor of 12099654 and 148022.
1526
Calculate the greatest common factor of 105196 and 109004.
476
What is the highest common divisor of 1688267 and 9244529?
3899
What is the greatest common factor of 397835 and 385285?
1255
Calculate the greatest common factor of 18007590 and 9537.
867
What is the highest common divisor of 293324051 and 3508?
877
Calculate the highest common factor of 59 and 6111397.
59
Calculate the highest common divisor of 9612619 and 852.
71
What is the highest common factor of 7779132651 and 591?
591
What is the highest common factor of 19994223 and 94?
47
Calculate the highest common divisor of 629674 and 52825.
2113
Calculate the highest common divisor of 70400626 and 1842.
614
What is the greatest common factor of 2095888 and 216?
8
Calculate the highest common divisor of 941094 and 93896.
2134
Calculate the greatest common factor of 8 and 345831016.
8
What is the greatest common factor of 2450540 and 60?
20
What is the highest common factor of 756 and 195021?
27
What is the greatest common divisor of 1312 and 27766512?
656
Calculate the highest common factor of 5073 and 7041324.
5073
What is the greatest common factor of 76 and 379846043?
19
Calculate the highest common factor of 22644 and 5892948.
612
What is the highest common divisor of 1156240 and 304192?
1552
What is the greatest common factor of 187853471 and 169?
169
Calculate the highest common factor of 272041 and 49819.
77
Calculate the highest common divisor of 600 and 164876025.
75
What is the highest common divisor of 4670298 and 2667?
381
What is the greatest common divisor of 2974182 and 282?
6
What is the highest common factor of 4785 and 207802545?
435
Calculate the greatest common divisor of 560 and 353489000.
40
Calculate the greatest common factor of 13148447 and 3007.
97
Calculate the greatest common divisor of 243 and 194273883.
243
Calculate the highest common divisor of 34048 and 307392.
64
Calculate the greatest common factor of 3729143 and 1991.
1991
What is the greatest common divisor of 9090 and 33663906?
1818
What is the greatest common divisor of 7